{"id":8,"date":"2016-08-03T11:42:48","date_gmt":"2016-08-03T08:42:48","guid":{"rendered":"http:\/\/estfood.ee\/?page_id=8"},"modified":"2016-08-03T12:16:56","modified_gmt":"2016-08-03T09:16:56","slug":"tere-tulemast-est-food-ou-kodulehele","status":"publish","type":"page","link":"https:\/\/estfood.ee\/","title":{"rendered":"TERE TULEMAST EST FOOD O\u00dc KODULEHELE!"},"content":{"rendered":"<p><img loading=\"lazy\" decoding=\"async\" class=\"alignright wp-image-9 size-full\" src=\"https:\/\/estfood.ee\/wp-content\/uploads\/2016\/08\/kala_jarele_minek-300x198.jpg\" alt=\"kala_jarele_minek-300x198\" width=\"300\" height=\"198\" srcset=\"https:\/\/estfood.ee\/wp-content\/uploads\/2016\/08\/kala_jarele_minek-300x198.jpg 300w, https:\/\/estfood.ee\/wp-content\/uploads\/2016\/08\/kala_jarele_minek-300x198-100x66.jpg 100w\" sizes=\"auto, (max-width: 300px) 100vw, 300px\" \/><br \/>\nEST Food O\u00dc on 2012 aastal asutatud rahvusvaheline jahutatud ja k\u00fclmutatud kala m\u00fc\u00fcgi ja logistikaga tegelev ettev\u00f5te, mis p\u00f5hineb Eesti kapitalil.<\/p>\n<p>Meie sortimendis on p\u00f5hikohal Eesti p\u00e4ritolu ahven, koha, haug ja forell, mida pakume aasta l\u00e4bi olenemata ilmasitkuoludest. Samuti Norra l\u00f5he ning Soome siig ja forell.<\/p>\n<p>Meil on kindlad koost\u00f6\u00f6partnerid, kelle abiga saame pakkuda mitmesuguseid jahutatud ja k\u00fclmutatud kalu ning samuti ka mereande \u00fcle maailma.<\/p>\n<p>Meie meeskond on pikaajalise kala ostu- ja m\u00fc\u00fcgialase kogemusega ning esikohal on meie kliendid ja nende vajadused.<\/p>\n<p>&nbsp;<\/p>\n<p><strong>Oma igap\u00e4evat\u00f6\u00f6s peame t\u00e4htsaimaks kiirust, paindlikust ning kliendi rahulolu.<\/strong><\/p>\n","protected":false},"excerpt":{"rendered":"<p>EST Food O\u00dc on 2012 aastal asutatud rahvusvaheline jahutatud ja k\u00fclmutatud kala m\u00fc\u00fcgi ja logistikaga tegelev ettev\u00f5te, mis p\u00f5hineb Eesti kapitalil. Meie sortimendis on p\u00f5hikohal Eesti p\u00e4ritolu ahven, koha, haug ja forell, mida pakume aasta l\u00e4bi olenemata ilmasitkuoludest. Samuti Norra l\u00f5he ning Soome siig ja forell. Meil on kindlad koost\u00f6\u00f6partnerid, kelle abiga saame pakkuda mitmesuguseid [&hellip;]<\/p>\n","protected":false},"author":1,"featured_media":0,"parent":0,"menu_order":0,"comment_status":"closed","ping_status":"closed","template":"","meta":{"footnotes":""},"class_list":["post-8","page","type-page","status-publish","hentry"],"_links":{"self":[{"href":"https:\/\/estfood.ee\/index.php?rest_route=\/wp\/v2\/pages\/8","targetHints":{"allow":["GET"]}}],"collection":[{"href":"https:\/\/estfood.ee\/index.php?rest_route=\/wp\/v2\/pages"}],"about":[{"href":"https:\/\/estfood.ee\/index.php?rest_route=\/wp\/v2\/types\/page"}],"author":[{"embeddable":true,"href":"https:\/\/estfood.ee\/index.php?rest_route=\/wp\/v2\/users\/1"}],"replies":[{"embeddable":true,"href":"https:\/\/estfood.ee\/index.php?rest_route=%2Fwp%2Fv2%2Fcomments&post=8"}],"version-history":[{"count":1,"href":"https:\/\/estfood.ee\/index.php?rest_route=\/wp\/v2\/pages\/8\/revisions"}],"predecessor-version":[{"id":10,"href":"https:\/\/estfood.ee\/index.php?rest_route=\/wp\/v2\/pages\/8\/revisions\/10"}],"wp:attachment":[{"href":"https:\/\/estfood.ee\/index.php?rest_route=%2Fwp%2Fv2%2Fmedia&parent=8"}],"curies":[{"name":"wp","href":"https:\/\/api.w.org\/{rel}","templated":true}]}}